Let u = 177 + -175. Suppose 2*o - 18 - 16 = -3*b, 0 = b + u*o - 10. What is the units digit of b?
2
What is the hundreds digit of ((-6)/5)/(2*(-3)/38835)?
7
Let m(r) = 2*r**3 - 183*r**2 + 27*r + 1858. What is the thousands digit of m(92)?
2
What is the hundreds digit of ((-56748)/30)/((-30)/(-100)*4/(-3))?
7
Suppose 27*k - 24*k - 6*o - 22881 = 0, -2*o = 4*k - 30508. What is the thousands digit of k?
7
Let p = 1 - -4127. Suppose 9*w = -15*w + p. What is the units digit of w?
2
Suppose -3*q - 3*n - 47 = -4*q, 3*n = -3. Suppose 45*t - 132 = q*t. Suppose -15*c + 12*c + t = 0. What is the tens digit of c?
4
Suppose j - 5*t - 7 = 4, -3*j + 123 = 3*t. Let d = -41 + j. What is the units digit of -6 + 103 - (-1 - d)?
3
Let k = 1770 - 872. Let q = -599 + k. What is the tens digit of q?
9
Let b = -59 + 59. Let p = 10 + b. Suppose 0 = t - x - 1, -3*t = 3*x + x - p. What is the units digit of t?
2
Let a(h) = -23*h - 20*h - 87*h - 76. What is the units digit of a(-4)?
4
Suppose -z - 2*o - 6 = 0, 3*o - 6 = -5*z - o. Suppose d = 2 - 0. Suppose 4*s + d*n = z*n + 1024, 3*s + n - 760 = 0. What is the hundreds digit of s?
2
Let l = -10321 + 19523. What is the hundreds digit of l?
2
Suppose -5*f - 5*o + 23211 + 32609 = 0, -33516 = -3*f + 5*o. What is the tens digit of f?
6
Let i(q) = -632*q + 6972. What is the ten thousands digit of i(-104)?
7
Suppose -2*u - 2*u + 2814 = -550. What is the hundreds digit of u?
8
What is the ten thousands digit of 207612/10 + -5*(-12)/(-300)?
2
Suppose 87*i = 148693 + 840105 + 945647. What is the hundreds digit of i?
2
Let q be (-814 - (-1 - -5)) + 2. Let n = q + 1180. What is the tens digit of n?
6
Let y(n) = -n**2 - 6*n - 5. Let q be y(-7). Let w(b) = 6 + 4 - 2*b**2 - 26*b + 7 - 26. What is the units digit of w(q)?
5
Suppose 12*n + 27 = 17*n + 2*i, 30 = 2*n - 4*i. Suppose n*c - 11*c = -8, 0 = 3*u - c - 1384. What is the tens digit of u?
6
Let y be 11 + -10 - (-11 - -1)/(-1). Let a = 39 + y. Let c = a - -39. What is the units digit of c?
9
Suppose 4*p - 10396 = 4*j, -4*p - 7*j + 9740 = -667. What is the units digit of p?
0
What is the thousands digit of (-62764)/(-10) + 36/(-90)?
6
Let a(f) = 55*f**2 - 696*f - 41. What is the units digit of a(-14)?
3
Suppose -1240*s + 1259*s - 21902 = 17390. What is the thousands digit of s?
2
Suppose 1219 = -3*o - 5*s, -4*o + 5*s - 2452 = -850. Let k = 887 + o. What is the hundreds digit of k?
4
Let x(z) = -z**3 - 5*z**2 + 3*z + 18. Let s be x(-5). Suppose s*a + 3*a = -228. What is the units digit of (-12)/5*1045/a?
6
Suppose 0 = 2*l + 5*o - 9133, 9*o + 31853 = 7*l + 4*o. What is the tens digit of l?
5
Let l = 6273 - 1899. What is the hundreds digit of l?
3
Suppose 764890 = 27*x - 643133. What is the ten thousands digit of x?
5
Suppose 0 = -4*x + 3 - 11. Let z be (-5 - x)*-1 + 10/1. Let s(d) = 3*d + 32. What is the units digit of s(z)?
1
Let s be 12*(-2)/(-8)*12/9. Suppose -1900 = -4*k - 4*c, s*c - 3*c - 4 = 0. What is the hundreds digit of k?
4
Let h(x) = -3*x**2 - 27*x + 10. Let m be h(13). Let a = 2251 + m. What is the units digit of a?
3
Suppose -2*v + 119 = -j, 7*v = j + 12*v + 105. Let m = 236 + j. What is the hundreds digit of m?
1
Suppose 0 = 5*s - b - 5816, 4*b + 541 - 5189 = -4*s. Let o = s - 706. What is the hundreds digit of o?
4
Let i = 22333 - 3439. What is the hundreds digit of i?
8
Let a = -19569 - -12169. What is the hundreds digit of a/(-28) + 6/(-21)?
2
Let b(v) = 795*v + 1800. What is the tens digit of b(11)?
4
Suppose 5*g - 20 = -2*l + g, 5*l + g = 23. Suppose -5*q - 445 = -2*d, d + 2*d - 678 = l*q. Let n = 3 + d. What is the tens digit of n?
3
What is the thousands digit of (-9)/(-4*18/288384)?
6
Suppose -2659 = -k - 15*o + 18*o, 3*k - 8033 = o. What is the units digit of k?
0
Suppose 5*h + 38 = -4*l, 2*h + 2*l + 18 = 2. Let g be (40/h)/((5 - 8)/99). Let f = g - 153. What is the tens digit of f?
6
Let y(h) = -10*h**3 - 9*h**2 - 3*h + 2. Let i be y(3). Let s be (-4)/(-8) - -2*i/8. Let m = s + 113. What is the tens digit of m?
2
Suppose -l + 2*h = -2507 + 527, -5*l = -3*h - 9893. Suppose -l = -3*x - r, 4*r - 6*r + 2 = 0. What is the tens digit of x?
5
Suppose v - 11623 = 3*d, 8023 = v - 4*d - 3602. What is the units digit of v?
7
Suppose -5*h + 7 + 13 = 0. Suppose 4*t + 4*l - 204 = 0, -l = t + l - 48. Suppose 7*p - h*p = t. What is the tens digit of p?
1
Let c(t) = -72*t**2 + 465*t - 13. Let g be c(6). Suppose x - 7 = 133. Suppose -5*w + x = -g. What is the units digit of w?
5
Suppose -70*x = -73*x - 168. Let i = -136 - x. Let w = i + 150. What is the units digit of w?
0
Suppose -492 = -6*k + 1476. Suppose -182 = 2*s + k. Let a = -156 - s. What is the units digit of a?
9
Let x be (2/(-4))/(-7*(-1)/924). Let b = x - -62. What is the hundreds digit of b/16*-599 - (-4)/16?
1
Let v be (182/(-65))/(-1 - (-208)/210). Suppose v = -5*b + 8*b. Let h = 162 + b. What is the tens digit of h?
6
What is the thousands digit of ((-8)/(-20)*2)/(((-56)/242095)/(-4))?
3
Let b = -2597 + 1722. Let f = 1242 + b. What is the tens digit of f?
6
Suppose 0*m + 9 = 3*m. Let w be (-195)/(-1) - (12 + -8). Suppose m*j + 8 = w. What is the tens digit of j?
6
Suppose 256*q + 20134 + 159386 = 261*q. What is the hundreds digit of q?
9
Suppose 0 = -63*q - 7154 + 217763. What is the thousands digit of q?
3
Suppose -8*k + 7*k - 2656 = 0. Let n = 4494 + k. What is the thousands digit of n?
1
Let w = 11 + 2712. What is the tens digit of w?
2
Let r(f) = -f**2 - 15*f + 21. Let t be r(-16). Suppose -63*d + 59*d = 4*m - 708, t*d = -m + 157. What is the units digit of m?
2
Let i be -1*((-1 - 2) + -46). Suppose -k = -52 + i. Suppose -4*s + 2*d = -443 + 113, -d = k. What is the units digit of s?
1
Suppose 39*w = 40*w + 1106. Let r = w + 1636. What is the hundreds digit of r?
5
Let u = 6330 + -1533. Suppose 8*f = 21*f - u. What is the units digit of f?
9
Suppose 0 = -m - m. Suppose -7*d = -8*d + 2*a + 2, 3*d - 6 = 4*a. Suppose m*r - 414 = -d*r. What is the hundreds digit of r?
2
What is the units digit of (-148 - -135 - (0 + -1))*26718/(-4)?
4
Let v(q) = -q + 17. Suppose z + 2*z = 5*b + 22, -4*z = -16. Let g be (-2 - 12)*1/b. What is the units digit of v(g)?
0
Suppose -9 = -4*b + b. Let w = 3418 + -3418. Suppose -3*c = 3*f - w*f - 171, -164 = -b*c + 4*f. What is the tens digit of c?
5
Let g be 4/2*((-14)/7)/(-1). Suppose 3*r = -2*w - 88 + 231, -r = -2*w - 45. Suppose 33 = g*v - r. What is the units digit of v?
0
Let o = 147 + -145. Suppose -o*b + 137 = -377. What is the hundreds digit of b?
2
Let m(d) = 75*d + 285. Let l be m(31). Suppose -61*p - l = -64*p. What is the units digit of p?
0
Let x(q) = -2*q**3 + 10*q**2 + 4*q - 5. Let j be x(4). Let h(i) = i**2 + 16*i + 27. Let l be h(-12). Let d = l + j. What is the units digit of d?
2
Suppose -6005 - 10272 = -3*b + 5*f, -4*f - 27137 = -5*b. What is the hundreds digit of b?
4
Suppose s + 138 = -3*n, 0 = -5*n + 3*n + 5*s - 92. Let v = n - -631. What is the hundreds digit of v?
5
Let r(v) = -15*v - 22. Let s be r(15). Let a = s - -584. What is the hundreds digit of a?
3
Suppose -3*x = s - 11, -3*x - 1 = -10. Suppose -s = 4*o + 2, 3*o = -3*k + 3. What is the tens digit of ((-4)/k + -3)*27/(-9)?
1
Let l(r) = -r**3 + 4*r**2 - 4*r + 5. Let f be l(3). Suppose f*s + 1570 = 5*s - 2*u, 3*s + 4*u - 1540 = 0. What is the hundreds digit of s?
5
Let d be 3778/9 + 2/9 - 2. Suppose -s = -205 - d. What is the tens digit of s?
2
Suppose -3*x = -0*x, -4*x = -3*s + 102. Suppose -v = 4*c - 105, -s = -2*v + 2*c + 126. What is the units digit of (v/(-25) + 4)*165?
9
Let b(w) = w**2 - 33*w. Suppose 4*r + 31 = -k, 0 = -0*r - 4*r - 4*k - 16. What is the tens digit of b(r)?
7
Let f(a) = 5*a**2 + 10*a + 4. Let x be f(6). Let q be 16/48 + x/6. Suppose -m = -0*m - q. What is the tens digit of m?
4
Suppose 3*g - g - 24 = 0. Suppose -g*i + 12 = -9*i. Suppose 252 = -i*k + 828. What is the tens digit of k?
4
Suppose d - 2*g - 3033 = -1020, 3*d + 4*g = 6089. What is the tens digit of d?
2
Let f(b) = -b**3 - 13*b**2 + 24*b + 20. Let g be f(-15). Let j = 368 + g. What is the hundreds digit of j?
4
Suppose -3*q = -3*a + 39, 2*q - 1 = -9. Let v(j) = 29*j - 33. Let h be v(a). Suppose -2*k + 152 = 4*b, -2*k - k - 5*b + h = 0. What is the units digit of k?
6
Let c be ((-2)/(-3)*-4)/((-16)/24). Suppose c*x + 2*f 